 741 and 156.
39
What is the greatest common divisor of 7076 and 116?
116
What is the highest common divisor of 345 and 14099?
23
What is the highest common factor of 5358 and 114?
114
What is the highest common divisor of 115 and 18745?
115
What is the greatest common divisor of 791 and 385?
7
What is the greatest common divisor of 554 and 4?
2
Calculate the greatest common divisor of 864 and 28944.
432
Calculate the highest common divisor of 1360 and 304.
16
Calculate the greatest common factor of 70 and 290.
10
What is the highest common divisor of 2 and 1?
1
Calculate the highest common factor of 142 and 19241.
71
What is the greatest common divisor of 21 and 973?
7
Calculate the greatest common divisor of 38496 and 32.
32
What is the highest common divisor of 255 and 55?
5
What is the greatest common divisor of 112 and 80?
16
Calculate the highest common divisor of 871 and 104.
13
Calculate the greatest common factor of 14 and 252.
14
Calculate the highest common factor of 9236 and 12.
4
What is the greatest common factor of 48 and 60?
12
Calculate the highest common divisor of 30 and 1030.
10
What is the highest common divisor of 360 and 225?
45
What is the highest common divisor of 18 and 66?
6
Calculate the greatest common factor of 165 and 1965.
15
Calculate the highest common factor of 20 and 30.
10
What is the highest common divisor of 104 and 130?
26
What is the greatest common divisor of 56 and 56?
56
What is the greatest common divisor of 66 and 99?
33
Calculate the greatest common factor of 178 and 39338.
178
What is the greatest common divisor of 106 and 159?
53
Calculate the highest common divisor of 6 and 7914.
6
What is the highest common divisor of 11 and 3?
1
What is the greatest common divisor of 2040 and 16?
8
What is the greatest common divisor of 19602 and 648?
162
What is the greatest common divisor of 180 and 2250?
90
Calculate the highest common divisor of 6 and 33.
3
Calculate the greatest common factor of 48 and 234.
6
Calculate the greatest common divisor of 72 and 18.
18
Calculate the greatest common divisor of 336 and 140.
28
What is the highest common factor of 1818 and 18?
18
Calculate the highest common divisor of 80 and 496.
16
Calculate the greatest common divisor of 9 and 11862.
9
Calculate the greatest common factor of 8771 and 98.
49
Calculate the highest common factor of 142 and 4.
2
What is the greatest common factor of 2275 and 182?
91
Calculate the highest common factor of 13 and 3601.
13
What is the highest common divisor of 5084 and 12?
4
What is the highest common factor of 84 and 1925?
7
Calculate the highest common divisor of 78 and 1534.
26
What is the highest common divisor of 452 and 791?
113
Calculate the greatest common factor of 27 and 297.
27
What is the greatest common factor of 232 and 9512?
232
Calculate the highest common factor of 3204 and 36.
36
What is the greatest common divisor of 142 and 213?
71
What is the greatest common divisor of 946 and 258?
86
Calculate the greatest common factor of 15 and 195.
15
Calculate the highest common divisor of 51 and 255.
51
Calculate the highest common divisor of 1631 and 3029.
233
What is the greatest common divisor of 4 and 348?
4
Calculate the greatest common factor of 341 and 11.
11
Calculate the greatest common divisor of 172 and 4.
4
What is the highest common factor of 5 and 3620?
5
What is the highest common factor of 29 and 2?
1
Calculate the greatest common factor of 65 and 2080.
65
What is the highest common divisor of 10 and 20?
10
Calculate the greatest common factor of 3744 and 1440.
288
Calculate the highest common divisor of 4719 and 39.
39
Calculate the highest common divisor of 502 and 2.
2
Calculate the greatest common divisor of 6955 and 13.
13
What is the highest common divisor of 3710 and 10?
10
What is the highest common divisor of 1008 and 154?
14
What is the greatest common divisor of 7 and 11711?
7
What is the highest common factor of 99 and 462?
33
What is the highest common factor of 660 and 60?
60
Calculate the greatest common divisor of 15723 and 9.
9
Calculate the greatest common divisor of 6059 and 73.
73
Calculate the highest common divisor of 2226 and 231.
21
What is the highest common factor of 621 and 243?
27
Calculate the highest common factor of 162 and 3429.
27
What is the greatest common divisor of 360 and 50?
10
Calculate the greatest common divisor of 480 and 3240.
120
What is the highest common divisor of 342 and 950?
38
What is the highest common factor of 840 and 14?
14
What is the highest common divisor of 2842 and 116?
58
What is the greatest common factor of 424 and 265?
53
What is the greatest common divisor of 49565 and 23?
23
Calculate the highest common divisor of 341 and 2542.
31
Calculate the highest common divisor of 190 and 5320.
190
What is the highest common divisor of 15 and 25?
5
Calculate the highest common divisor of 689 and 26.
13
What is the greatest common factor of 3584 and 322?
14
Calculate the greatest common divisor of 582 and 11834.
194
What is the highest common factor of 754 and 522?
58
What is the greatest common divisor of 679 and 7?
7
Calculate the highest common factor of 17 and 14.
1
What is the highest common factor of 228 and 24?
12
Calculate the highest common divisor of 54588 and 12.
12
What is the highest common factor of 2054 and 632?
158
Calculate the greatest common divisor of 7 and 7553.
7
What is the greatest common divisor of 432 and 408?
24
What is the highest common divisor of 56 and 14?
14
What is the greatest common factor of 432 and 744?
24
What is the greatest common factor of 141 and 75?
3
Calculate the greatest common divisor of 13342 and 14.
14
Calculate the highest common divisor of 7 and 749.
7
Calculate the greatest common divisor of 36 and 1485.
9
What is the highest common factor of 9296 and 672?
112
What is the highest common divisor of 3 and 4461?
3
What is the greatest common divisor of 47 and 1739?
47
What is the greatest common factor of 22 and 517?
11
Calculate the highest common divisor of 6 and 879.
3
What is the highest common factor of 168 and 896?
56
Calculate the greatest common divisor of 72 and 9.
9
Calculate the greatest common divisor of 4338 and 72.
18
Calculate the highest common factor of 195 and 39.
39
Calculate the highest common factor of 581 and 415.
83
What is the greatest common divisor of 9 and 27?
9
What is the highest common divisor of 4848 and 8?
8
What is the greatest common divisor of 22 and 11?
11
Calculate the greatest common divisor of 44 and 539.
11
What is the greatest common divisor of 559 and 520?
13
What is the highest common divisor of 1024 and 10496?
256
What is the highest common divisor of 114 and 152?
38
What is the highest common factor of 1437 and 21?
3
Calculate the highest common divisor of 144 and 12.
12
Calculate the greatest common divisor of 620 and 3460.
20
What is the highest common divisor of 40 and 15488?
8
Calculate the greatest common factor of 271 and 13550.
271
What is the highest common divisor of 418 and 38?
38
Calculate the highest common divisor of 384 and 15104.
128
Calculate the highest common divisor of 15 and 2055.
15
What is the highest common divisor of 80 and 820?
20
Calculate the highest common divisor of 6 and 21.
3
Calculate the highest common factor of 2704 and 169.
169
Calculate the highest common factor of 75 and 2450.
25
What is the highest common factor of 288 and 216?
72
Calculate the greatest common divisor of 529 and 69.
23
What is the greatest common factor of 66 and 726?
66
What is the highest common divisor of 12 and 1338?
6
Calculate the greatest common divisor of 247 and 156.
13
What is the greatest common factor of 7 and 4?
1
Calculate the highest common factor of 1980 and 1440.
180
Calculate the highest common divisor of 126 and 72.
18
What is the greatest common factor of 176 and 308?
44
What is the greatest common divisor of 198 and 121?
11
Calculate the highest common factor of 159 and 12561.
159
Calculate the highest common factor of 459 and 17.
17
Calculate the greatest common divisor of 476 and 140.
28
What is the highest common divisor of 1001 and 3289?
143
What is the greatest common factor of 114 and 532?
38
What is the highest common factor o